mmon factor of 3213 and 46011.
21
Calculate the highest common factor of 443745 and 2010.
15
Calculate the highest common factor of 900 and 22986195.
15
Calculate the greatest common factor of 131180 and 9324.
28
Calculate the greatest common factor of 834 and 127001242.
278
Calculate the greatest common divisor of 551 and 1173269.
19
What is the greatest common divisor of 384 and 122676612?
12
What is the greatest common divisor of 735524 and 332?
4
What is the greatest common factor of 14937 and 284973?
39
Calculate the highest common divisor of 8289 and 1310200785.
8289
Calculate the greatest common divisor of 25 and 23763925.
25
Calculate the highest common divisor of 88 and 20240902.
22
What is the greatest common divisor of 192 and 12903040?
64
Calculate the highest common factor of 655493027 and 133.
133
What is the highest common factor of 851 and 2765787?
37
Calculate the highest common divisor of 146000 and 89644.
292
Calculate the highest common factor of 3432 and 1444212.
132
Calculate the greatest common factor of 74334 and 259584.
78
Calculate the greatest common divisor of 5976 and 239688.
72
What is the greatest common factor of 30 and 2317422?
6
What is the greatest common factor of 6137602 and 1686?
562
Calculate the highest common factor of 3 and 7313723.
1
Calculate the highest common divisor of 2414327416 and 3914.
3914
What is the highest common factor of 52536 and 119856?
264
What is the highest common factor of 22090 and 23030?
470
What is the highest common factor of 30997 and 25715?
139
What is the highest common divisor of 150846804 and 36?
36
Calculate the greatest common factor of 2 and 4627201.
1
What is the highest common factor of 23414 and 354264?
1018
What is the greatest common factor of 225 and 9990800?
25
Calculate the highest common divisor of 2055 and 23686615.
685
Calculate the greatest common divisor of 254531 and 182372.
359
What is the highest common factor of 11192790 and 210?
210
Calculate the greatest common factor of 17746 and 5377.
19
What is the greatest common divisor of 189746635 and 2470?
1235
Calculate the highest common factor of 88819905 and 2020.
505
What is the greatest common factor of 686 and 1353086?
98
What is the highest common divisor of 21540712 and 16?
8
Calculate the greatest common factor of 183305 and 895.
5
Calculate the highest common divisor of 20889 and 1740981.
33
Calculate the highest common factor of 120327 and 10763989.
2111
What is the greatest common divisor of 826374 and 294?
6
What is the greatest common divisor of 13125 and 34905?
15
Calculate the highest common divisor of 4095 and 102173295.
105
Calculate the highest common factor of 1777741 and 2261.
119
What is the greatest common factor of 14291189 and 581?
83
What is the highest common factor of 558 and 201562?
62
What is the greatest common factor of 339 and 65312418?
339
Calculate the greatest common factor of 494 and 6629024.
38
What is the greatest common factor of 5 and 23539311?
1
Calculate the greatest common divisor of 14849010 and 606186.
5094
Calculate the greatest common factor of 78457251 and 114.
57
Calculate the highest common divisor of 22095450 and 1404.
702
What is the highest common factor of 63 and 230976984?
21
Calculate the highest common divisor of 1476 and 6633636.
492
Calculate the greatest common factor of 1647 and 359419869.
1647
Calculate the greatest common factor of 54079 and 64144289.
1319
Calculate the greatest common divisor of 980 and 69668935.
245
What is the greatest common divisor of 1178 and 62662?
38
What is the greatest common factor of 113202 and 158549?
331
What is the highest common divisor of 8814 and 31018?
26
Calculate the highest common factor of 128 and 123964928.
128
Calculate the highest common factor of 2077220 and 1143320.
5660
Calculate the highest common factor of 74529 and 2234518.
169
Calculate the highest common divisor of 7897 and 2965249.
149
What is the greatest common divisor of 1469 and 56657861?
1469
Calculate the highest common divisor of 13572 and 132298.
58
What is the highest common factor of 12456 and 8906559?
519
What is the greatest common divisor of 405422 and 133?
19
Calculate the highest common factor of 13377130 and 3315.
1105
What is the highest common divisor of 148872 and 52?
4
What is the highest common divisor of 22192 and 7664562?
2774
What is the greatest common factor of 8058697 and 4?
1
What is the greatest common divisor of 47596 and 1691614?
326
Calculate the greatest common divisor of 101535417 and 135.
27
What is the greatest common factor of 78056 and 215248?
88
Calculate the highest common factor of 34968373 and 22.
11
Calculate the greatest common divisor of 14413543 and 248.
31
What is the highest common factor of 5428 and 65708654?
2714
Calculate the highest common factor of 4139 and 3069859049.
4139
What is the highest common factor of 282357 and 141?
3
Calculate the greatest common divisor of 6555 and 188385.
285
What is the highest common factor of 4223336 and 169?
13
Calculate the highest common factor of 4634 and 1820588.
14
Calculate the highest common factor of 15936 and 53538984.
1992
Calculate the highest common factor of 5640 and 17866110.
1410
Calculate the highest common divisor of 49416597 and 18.
9
What is the highest common divisor of 5612 and 7641592?
244
Calculate the highest common divisor of 56 and 194273800.
56
Calculate the highest common divisor of 12406098 and 52669.
1699
Calculate the greatest common divisor of 1535186 and 86.
86
What is the highest common divisor of 164613 and 7250387?
1483
Calculate the greatest common divisor of 55054571 and 2093.
299
What is the greatest common divisor of 434916 and 3132?
108
What is the greatest common factor of 5 and 7778930?
5
What is the highest common divisor of 42363804 and 542?
542
What is the greatest common divisor of 10095956 and 17608?
124
Calculate the highest common divisor of 485749935 and 517.
517
Calculate the highest common divisor of 7149532 and 6500.
52
What is the highest common factor of 18612 and 1650528?
396
What is the highest common factor of 9073360 and 5?
5
What is the greatest common divisor of 2624 and 29554768?
656
What is the highest common divisor of 47766 and 6954?
114
What is the highest common divisor of 8090697 and 247872?
3873
What is the greatest common divisor of 9499 and 29?
1
Calculate the greatest common factor of 8650532 and 227368.
1172
Calculate the highest common factor of 438276 and 357.
3
Calculate the greatest common factor of 2506 and 3169334.
14
What is the highest common factor of 18 and 26394924?
6
Calculate the greatest common divisor of 9019053 and 684.
171
Calculate the greatest common factor of 191991165 and 290.
145
Calculate the highest common factor of 12460949 and 391.
17
What is the highest common divisor of 6336 and 2907036?
396
What is the highest common divisor of 2387448 and 48006?
378
What is the highest common divisor of 1146 and 213106722?
1146
Calculate the greatest common factor of 793 and 6665287.
61
Calculate the greatest common divisor of 874809 and 71604.
117
Calculate the greatest common factor of 44 and 291198.
2
Calculate the greatest common factor of 1365 and 509981355.
195
What is the highest common divisor of 686910 and 66150?
210
Calculate the greatest common factor of 758602 and 1534.
26
Calculate the greatest common factor of 2008 and 90996536.
2008
Calculate the highest common factor of 105748 and 188.
4
Calculate the highest common factor of 511527 and 12.
3
Calculate the highest common factor of 746752 and 62.
2
Calculate the greatest common divisor of 6873 and 1331883.
87
Calculate the highest common divisor of 129519 and 257931.
1107
What is the greatest common divisor of 2896473456 and 16?
16
What is the greatest common factor of 13824 and 534?
6
Calculate the highest common factor of 633152148 and 136.
68
What is the highest common divisor of 2 and 2920160?
2
Calculate the highest common divisor of 86947539 and 1218.
609
What is the greatest common factor of 394 and 3615738?
394
What is the highest common divisor of 46072 and 4834856?
104
Calculate the greatest common factor of 8337 and 4046037807.
8337
What is the greatest common divisor of 1265 and 17829255?
115
